 (base 5) in base 13?
388317
What is 14c621 (base 13) in base 16?
7d3ae
-1010100010111010110 (base 2) to base 9
-576013
Convert -213112230 (base 4) to base 2.
-100111010110101100
What is 58a691 (base 13) in base 15?
2b9920
What is 2257b5 (base 15) in base 5?
404413440
Convert -3032211031 (base 4) to base 10.
-846157
429808 (base 16) to base 6
233313024
-72760 (base 12) to base 3
-21121100000
-10829 (base 11) to base 8
-36430
What is -1116345 (base 7) in base 2?
-100001111101010111
What is -3017635 (base 10) in base 14?
-587a15
98764b (base 12) to base 10
2418395
230220301 (base 4) to base 16
2ca31
-10ba2 (base 13) to base 5
-1434202
-3140744 (base 10) to base 6
-151152252
3eef84 (base 16) to base 3
21202112211001
13bbcb7 (base 13) to base 12
212ab58
What is -21544433 (base 7) in base 15?
-26b17b
What is -161085 (base 11) in base 13?
-89c26
-1001021131 (base 4) to base 8
-1011135
Convert 11120210120 (base 3) to base 11.
61895
-1001121021222 (base 3) to base 11
-354aa1
Convert -101000010010011000 (base 2) to base 6.
-3311544
Convert 80567 (base 12) to base 16.
28b1f
What is -2c85a4 (base 13) in base 9?
-2062205
15543871 (base 9) to base 8
35475122
What is 1767c6 (base 15) in base 3?
2010200222020
Convert a99ba (base 15) to base 13.
15b341
What is 100202133132 (base 4) in base 5?
2102214312
What is 4600424 (base 7) in base 15?
b45a2
What is 2031443441 (base 5) in base 4?
33322133202
636231 (base 7) to base 9
177170
What is -2432164 (base 7) in base 11?
-1a2322
1b1d06 (base 14) to base 16
ebc42
What is -123424 (base 9) in base 14?
-1d320
What is 11352032 (base 6) in base 10?
356852
100001000 (base 4) to base 5
4044400
14254334 (base 6) to base 13
141ac6
-2ee30 (base 15) to base 9
-251070
What is -39ad (base 14) in base 16?
-27a5
What is 1354422 (base 11) in base 8?
10716067
Convert -19210 (base 10) to base 13.
-8989
-1225332 (base 8) to base 11
-211484
-5d85 (base 14) to base 10
-16385
What is 1210012200201 (base 3) in base 16?
e7ac6
Convert -1588810 (base 11) to base 16.
-2948a3
Convert -1553452 (base 6) to base 5.
-10432330
What is -23141344 (base 7) in base 3?
-10210222110211
Convert a4ea5 (base 16) to base 10.
675493
-111020121221 (base 3) to base 5
-31320320
-1166226 (base 7) to base 11
-a3528
What is -664524 (base 8) in base 10?
-223572
-6b866 (base 12) to base 14
-3aa06
What is -11a2be (base 16) in base 7?
-12552414
Convert 113204422 (base 5) to base 6.
15110531
-3b799 (base 12) to base 9
-134850
Convert -12110201222202 (base 3) to base 6.
-142154502
Convert 25442112 (base 6) to base 16.
ca9dc
What is 6c1b3 (base 13) in base 4?
300112131
-2313143 (base 6) to base 3
-20000202100
What is 1266880 (base 9) in base 6?
22512543
Convert -18c5bd (base 15) to base 7.
-13152361
What is 123322120 (base 4) in base 14?
2d944
Convert -8c1232 (base 14) to base 9.
-8864684
What is -488120 (base 10) in base 2?
-1110111001010111000
Convert 12222110012 (base 3) to base 10.
117698
3304401 (base 6) to base 5
20224210
Convert 10100110111000010 (base 2) to base 5.
10213232
What is 222333223 (base 4) in base 13?
62209
What is -110001101001101001000 (base 2) in base 5?
-404030302
Convert 489796 (base 10) to base 7.
4106656
What is 133111313 (base 4) in base 6?
2430155
131121121320 (base 4) to base 13
179a801
Convert -214438 (base 14) to base 12.
-46366a
Convert -44bcc7 (base 14) to base 8.
-10725607
39442 (base 11) to base 7
323345
-178a589 (base 12) to base 14
-91c02d
What is 44123411 (base 5) in base 4?
1130233100
What is -74737 (base 11) in base 2?
-11010100010011010
-2222323 (base 6) to base 7
-644364
Convert 100000010000 (base 2) to base 10.
2064
Convert 157157 (base 10) to base 9.
258518
What is -105054500 (base 6) in base 3?
-10121120022200
-4563478 (base 9) to base 10
-2462957
-12220110200 (base 3) to base 8
-343035
Convert e3e84d (base 15) to base 2.
101001010100100101111000
What is 30453674 (base 8) in base 9?
13112767
124568 (base 9) to base 12
37882
Convert 34c95 (base 13) to base 11.
66658
What is -9630a (base 14) in base 10?
-362806
Convert -163a926 (base 14) to base 8.
-51452746
Convert -1f0f51 (base 16) to base 5.
-1010114122
21803 (base 10) to base 8
52453
What is -1020400033 (base 5) in base 13?
-593a77
What is b87a84 (base 12) in base 7?
33535300
Convert -353555144 (base 6) to base 5.
-3144000000
What is -7276357 (base 9) in base 8?
-16653215
Convert -90187 (base 14) to base 3.
-122120201000
-200132320 (base 4) to base 15
-2964d
What is -514240450 (base 6) in base 8?
-41712456
-3004431213 (base 5) to base 8
-26512461
What is -2630505 (base 9) in base 4?
-11132321111
What is -c2ab90 (base 15) in base 8?
-43222476
2556605 (base 9) to base 16
154c55
-143325542 (base 6) to base 14
-573154
What is 1000110010111000000 (base 2) in base 11?
187583
1333300 (base 6) to base 4
102032010
-17c356 (base 15) to base 12
-4784a6
8024005 (base 9) to base 16
411e33
4014014244 (base 5) to base 6
442253324
-212230021 (base 4) to base 16
-26b09
What is 560053 (base 7) in base 15?
1e2a4
Convert 3404321 (base 5) to base 13.
213a5
What is 717152 (base 9) in base 6?
13040115
Convert 2161201 (base 7) to base 9.
446164
What is 100100010110010111 (base 2) in base 9?
246210
What is 74251 (base 9) in base 2?
1011111110011011
What is -243231242 (base 5) in base 14?
-21c9d9
What is 355db (base 16) in base 11?
13a256
Convert -32234b (base 12) to base 9.
-1436265
What is -1111201210210 (base 3) in base 9?
-1451723
Convert -1d90461 (base 14) to base 7.
-240242351
-34b66c (base 13) to base 14
-248ac2
Convert -212361 (base 10) to base 2.
-110011110110001001
Convert 1111111010001101111010 (base 2) to base 13.
b3042a
What is 714a50 (base 11) in base 13?
312a4b
What is 4054323 (base 6) in base 8?
573053
22bb92 (base 12) to base 2
10001000101011011110
-3b199 (base 12) to base 2
-10011111001000101
Convert -2210311311 (base 4) to base 11.
-421309
What is 3189858 (base 11) in base 13?
12137ac
21450 (base 9) to base 6
145500
What is -2020588 (base 9) in base 13?
-2b8c9b
-807948 (base 15) to base 7
-102566231
What is 1317062 (base 11) in base 5?
1040404430
What is -1213302330 (base 4) in base 6?
-13040140
Convert 202224224 (base 5) to base 7.
6655213
What is -559921 (base 10) in base 14?
-1080a5
-4446636 (base 8) to base 16
-124d9e
63320 (base 9) to base 10
41814
Convert 4265634 (base 7) to base 15.
a4400
184237a (base 12) to base 13
10839c1
Convert -33025501 (base 6) to base 5.
-222434004
-2b4bc (base 16) to base 8
-532274
Convert -804146 (base 11) to base 6.
-43422143
1102011222 (base 3) to base 5
1342321
What is 1257971 (base 10) in base 9?
2326545
What is -4504266 (base 7) in base 14?
-10696d
Convert 4351314 (base 9) to base 8.
10723675
Convert 330142255 (base 6) to base 16.
59e83b
8aef78 (base 16) to base 7
140251661
What is -a2475 (base 11) in base 14?
-3c766
What is 143400144 (base 6) in base 7?
34151224
What is -101001011010000101110 (base 2) in base 8?
-5132056
1002123231 (base 4) to base 14
71245
11000000011111000101110 (base 2) to base 6
343104450
What is 1341d (base 16) in base 11?
54297
Convert 95224 (base 11) to base 9.
231222
Convert -23c7a03 (base 13) to base 3.
-202221022210021
-8bf471 (base 16) to base 10
-9172081
What is -800846 (base 9) in base 2?
-1110011011111111010
Convert -3041434444 (base 5) to base 9.
-12603205
20111201222 (base 3) to base 14
34990
What is 175b2c (base 13) in base 5?
122142402
Convert -1773841 (base 12) to base 14.
-910289
Convert 123300021 (base 7) to base 15.
a45980
136105521 (base 7) to base 3
121212012221210
-833251 (base 9) to base 5
-111310340
Convert 112103113 (base 4) to base 12.
44a47
Convert 24544 (base 13) to base 4.
100103323
Convert 298215 (base 12) to base 2.
10101010100000110001
What is -3db19 (base 14) in base 4?
-211120023
Convert 330203020 (base 4) to base 6.
5152104
Convert 54869 (base 12) to base 16.
1b4d1
Convert 31759a (base 12) to base 9.
1418161
What is -210420304 (base 5) in base 3?
-1122100210220
What is -1461376 (base 8) in base 14?
-ac770
ba1968 (base 12) to base 14
56a2c0
What is -c28c90 (base 13) in base 7?
-53344606
What is 1000100011110001010001 (base 2) in base 7?
25033204
Convert -d6a6e (base 15) to base 13.
-1aaaca
What is 167552a (base 12) in base 16?
46b3b2
What is -54604 (base 12) in base 11?
-76818
-121075 